 divided by c(3)?
6
Let p be 0 + (-6)/(-3) - 0. Suppose -8*l = -4*l + 3*a - 9, -5 = 5*a. Suppose 0 = -p*v + 5*v - l. What is the remainder when 2 is divided by v?
0
Let s(f) = 3*f**2 + 5*f - 3. What is the remainder when s(-8) is divided by 19?
16
Let r(o) = 7*o - 7. Let b(q) = -8*q + 8. Let u(k) = -5*b(k) - 6*r(k). Calculate the remainder when 37 is divided by u(-4).
7
Let x = 2 + 0. Suppose 5*v = x*n - 36, -n + 3*v = -v - 24. Let s(h) = 2*h**2 - 4*h - 1. What is the remainder when s(4) is divided by n?
7
Suppose 3*c + 1 = g - 4, -3*g + 25 = -4*c. What is the remainder when 30 is divided by g?
8
Suppose 3*v = v. Suppose -2*n + 3*i + 93 = 2*n, -4*i + 20 = v. Calculate the remainder when 53 is divided by n.
26
Suppose -4*i + 247 = -3*z, -2*i - 2*z + 73 = -61. What is the remainder when i is divided by 22?
20
Suppose 0*q + 56 = 2*q. Let t = q - 19. What is the remainder when 24 is divided by t?
6
What is the remainder when (-4)/(-18) + 15026/99 is divided by 40?
32
Let p = 26 + 11. What is the remainder when p is divided by 20?
17
Let x = 46 + -23. Let g = -9 + x. Calculate the remainder when g is divided by 4.
2
Let m(j) = 2*j + 6. Let y be m(-4). Let b = -1 - y. Calculate the remainder when 255/9 - b/3 is divided by 10.
8
Calculate the remainder when 28*(-2 - (0 - -1))*-2 is divided by 34.
32
Suppose 17 = -4*q - 4*j + 81, -2*j = -5*q + 80. Calculate the remainder when 62 is divided by q.
14
Let z be (16/20)/(2/5). Suppose -2*r = -4 - z. Let f(g) = 3*g**2 - 3*g + 2. Calculate the remainder when f(2) is divided by r.
2
Suppose 118 = 3*t - 35. Let g(w) = -w**3 + 6*w**2 - 2*w - 3. What is the remainder when t is divided by g(3)?
15
What is the remainder when 33 is divided by (-4)/8 - 13/(-2)?
3
Suppose -4*p - 5 = -13. Suppose 143 = 4*r + m, -2*r + m = p*m - 73. Calculate the remainder when r is divided by 12.
11
Let i(q) = 2*q + 26. What is the remainder when 14 is divided by i(-10)?
2
Suppose -3*g + 5*s = -45, 4*g + 8*s - 60 = 3*s. What is the remainder when 222 is divided by g?
12
Suppose -2*s = -4*s - 16. Let o(f) = -f**3 - 7*f**2 - 2*f - 2. Let a(r) = 3*r**2 + 2*r - 1. Calculate the remainder when o(s) is divided by a(-3).
18
Let c(x) = 6*x**2 + 117*x - 117*x. Calculate the remainder when 9 is divided by c(1).
3
Let v(q) = -q**3 + 5*q**2 + 2*q - 4. Suppose -g = t + t + 5, 0 = -4*t - g - 15. What is the remainder when 55 + (-3 - (t - 0)) is divided by v(4)?
17
Suppose -3*i + 9 = -6. Suppose 2*k - 35 = i*y - 0*y, 4*y + 25 = k. Let p(o) = -o + 3. What is the remainder when p(-6) is divided by k?
4
Calculate the remainder when (-1)/(24/28 - 1) is divided by 2.
1
Suppose -5*k + 0*k = -50. What is the remainder when ((-1)/3)/(10/(-1110)) is divided by k?
7
Let x(k) = k**3 + 7*k**2 + 7*k + 5. Let o be 2/(14/(-10) - -1). What is the remainder when 58 is divided by x(o)?
18
Let a(c) = -c**3 + 7*c**2 - 4*c - 12. What is the remainder when a(5) is divided by 7?
4
What is the remainder when 63 is divided by (-3)/(12/2)*(-36)/1?
9
Let f(b) = b. What is the remainder when f(5) is divided by 3?
2
Let s(b) = b**3 + 2*b**2 + 6 + b - 1 + 1 - 8*b**2. Suppose 4*g = -3*h + 34, -2*g + 7*g = 5*h + 25. Calculate the remainder when s(6) is divided by g.
5
Let z be (-2)/(-6) - 10/(-6). Suppose -6 = z*r - 14. Suppose 5*w + 5*h - 29 - 11 = 0, 5*w + 2*h - 46 = 0. What is the remainder when w is divided by r?
2
Let s = -39 - -64. Let k(x) = 2*x**3 - 2*x**2 - 2*x. Let m be k(2). Let u = m + 5. What is the remainder when s is divided by u?
7
Suppose -5*f + 32 + 3 = 0. Suppose l - 22 = y + 3, -4*l = -5*y - 99. What is the remainder when l is divided by f?
5
Let o(z) = -4*z + 13. Let w(n) = -n**2 - 2*n + 3. Let s be w(3). What is the remainder when o(s) is divided by 21?
19
Let n(m) = 13*m - 9. Let t be n(6). Suppose 6*w = 4*w - s + t, 4*w - 153 = s. Let p(j) = 2*j**3 - 2*j + 1. Calculate the remainder when w is divided by p(2).
11
Calculate the remainder when 11 + (-2 - (-4 - (4 - 4))) is divided by ((-8)/(-6))/(1/6).
5
Let v = -2 - -2. Let g be (v + -20)/2*-1. Suppose 0 = 4*s - 5*s + g. Calculate the remainder when 18 is divided by s.
8
Suppose 0 = -9*f + 3*f + 138. Calculate the remainder when f is divided by 12.
11
Let r = 15 + -8. Calculate the remainder when 13 is divided by r.
6
Calculate the remainder when 7*1*(-756)/(-98) is divided by 14.
12
Let m(w) = w**2 + 4*w + 2. Calculate the remainder when 82 is divided by m(-5).
5
Suppose -2*x - x + 165 = 5*c, 2*x - 103 = -c. Calculate the remainder when x is divided by 13.
11
Let j be (-10)/35 - (-16)/7. Suppose 0 = j*s - s - 22. Calculate the remainder when 64 is divided by s.
20
Let m = -36 + 51. Let r(p) = -p**3 - 27*p**2 - 5*p - 93. What is the remainder when r(-27) is divided by m?
12
Suppose -42 = 21*z - 22*z. What is the remainder when 249 is divided by z?
39
Let u be 1/(3 + (-28)/10). Suppose 0 = -3*y - 3*b + 21, -y + 4*y - 17 = -u*b. Let r = -13 + 19. Calculate the remainder when y is divided by r.
3
Let j be 2/6*-2*-3. Let n(z) = 2*z**2 + 0*z**j + 4*z**2. What is the remainder when 11 is divided by n(-1)?
5
Let t(n) be the third derivative of 11*n**5/30 - n**4/24 + n**3/6 - 2*n**2. Let m be t(1). Suppose 0*j + m = 2*j. What is the remainder when 32 is divided by j?
10
Let s(h) = h - 3. Let r be s(-3). Suppose -32 = -4*m + 32. What is the remainder when 2/(r/279*-3) is divided by m?
15
Suppose h = 6*h - 15. Suppose -4*v + 17 = -h*v. What is the remainder when 2/5 - 158/(-5) is divided by v?
15
Let u = 91 - 71. Let w = -6 + 63. Calculate the remainder when w is divided by u.
17
Suppose 22 = l - 2. Let n(s) = -s**3 + 8*s**2 - 5*s + 3. Calculate the remainder when n(4) is divided by l.
23
Let w(t) = 14*t**2 - t - 1. Let g = -1 - 0. What is the remainder when w(-1) is divided by (g/(-2))/((-1)/(-16))?
6
Let k(i) = -i**3 - 13*i**2 - i + 5. Let x = -29 + 16. What is the remainder when 53 is divided by k(x)?
17
Let y(a) = -8*a. Suppose -6 = -0*t + 3*t. What is the remainder when 62 is divided by y(t)?
14
Let p(i) = -16*i - 8. Let u be p(-6). Let d be u/(-3) - 2/(-6). What is the remainder when 2/10 + d/(-5) is divided by 2?
0
Let h(v) = v**3 - 2*v + 1. Let n be h(-2). Let g = 40 + n. Calculate the remainder when g is divided by 19.
18
Let q = -9 + 57. Suppose -2*r - u = 2*u - q, 0 = -3*r + 4*u + 38. What is the remainder when r is divided by 10?
8
Suppose -t - 18 = -p, -4*t - 20 = -0*t. What is the remainder when p is divided by 8?
5
Let n(h) = h**2 + 2*h + 32. Calculate the remainder when n(0) is divided by 12.
8
Let x = 2 - -1. Suppose -5*w + 3*l - 6 = 4, -2*w - 13 = -x*l. Suppose -4 = -n, -n - 4*n = 3*c - 23. What is the remainder when c is divided by w?
0
Suppose -v + 8*v - 406 = 0. What is the remainder when v is divided by 15?
13
Let m = -18 - -27. Suppose -3*l + m = 0, l + 3*l + 15 = 3*s. Calculate the remainder when 24 is divided by s.
6
Let w = 1 - -4. Calculate the remainder when 9 is divided by w.
4
Let v(a) = 2*a + 15. Let q(z) = -2*z + 4 + 3*z + 3*z. What is the remainder when q(6) is divided by v(0)?
13
What is the remainder when (-10)/(-30)*(151 + 2) is divided by 18?
15
Let w = 33 + -17. Calculate the remainder when w/(-32)*7*-4 is divided by 5.
4
Suppose -30 = -9*c + 4*c. Suppose -4*l - 179 = -3*d, -2*l + 348 = 4*d + 80. Suppose -c*k = -k - d. What is the remainder when k is divided by 7?
6
Let t = 8 + -4. Let n(f) = -2*f**3 - f**2 + 2. Let j be n(2). Let g = -7 - j. Calculate the remainder when g is divided by t.
3
Let m = 35 + -25. Calculate the remainder when ((-6)/(-9))/((-1)/(-27)) is divided by m.
8
What is the remainder when 4 is divided by -2*1/3*-3?
0
Let l(w) = -w**3 - 8*w**2 + 6*w + 12. Let p be l(-8). Calculate the remainder when 35 is divided by 15 + (p/4)/(-3).
17
Let j = -1 + 17. Let f = 56 + -27. What is the remainder when f is divided by j?
13
Suppose -3*p + 8*p - 190 = 0. Calculate the remainder when 73 is divided by p.
35
Suppose -v = -4*k + 5, 4*v - 4*k = -0*v + 4. Suppose -4*g + 9 = 1. Calculate the remainder when v is divided by g.
1
Suppose k + 590 - 146 = 5*o, 3*k + 175 = 2*o. Calculate the remainder when o is divided by 13.
11
Let z = 32 - 19. Let j(q) = 11*q - 5. Let y be j(7). Suppose -4*a = -7*a + y. Calculate the remainder when a is divided by z.
11
Calculate the remainder